{"id":3451,"date":"2021-06-18T19:11:51","date_gmt":"2021-06-18T17:11:51","guid":{"rendered":"https:\/\/milesofsmiles.pl\/?page_id=3451"},"modified":"2021-12-03T13:23:00","modified_gmt":"2021-12-03T12:23:00","slug":"menu","status":"publish","type":"page","link":"https:\/\/milesofsmiles.pl\/index.php\/menu\/","title":{"rendered":"Menu"},"content":{"rendered":"<p>[vc_row][vc_column][vc_column_text]<strong>SMACZNE POSI\u0141KI<\/strong><\/p>\n<p><span style=\"font-weight: 400;\">Ma\u0142e dzieci nie musz\u0105 by\u0107 wybredne. W rzeczywisto\u015bci zach\u0119canie malucha do pr\u00f3bowania r\u00f3\u017cnych potraw pomaga mu sta\u0107 si\u0119 dobrym <\/span><span style=\"font-weight: 400;\">zjadaczem<\/span><span style=\"font-weight: 400;\"> na ca\u0142e \u017cycie. Podajemy przyjazne dzieciom posi\u0142ki na st\u00f3\u0142 i patrzymy, jak broku\u0142y &#8211; i wszystko inne na ich talerzu &#8211; znikaj\u0105. Kusimy kubki smakowe twojego malucha tymi prostymi, ale po\u017cywnymi posi\u0142kami, kt\u00f3rymi same mog\u0105 (<\/span><span style=\"font-weight: 400;\">niechlujnie!<\/span><span style=\"font-weight: 400;\">) si\u0119 karmi\u0107.<\/span>[\/vc_column_text][vc_empty_space][vc_gallery type=&#8221;image_grid&#8221; images=&#8221;3519&#8243; img_size=&#8221;full&#8221; onclick=&#8221;img_link_large&#8221; css=&#8221;.vc_custom_1638534111281{background-position: center !important;background-repeat: no-repeat !important;background-size: contain !important;}&#8221;][\/vc_column][\/vc_row][vc_row][vc_column][\/vc_column][\/vc_row]<\/p>\n","protected":false},"excerpt":{"rendered":"<p>[vc_row][vc_column][vc_column_text]SMACZNE POSI\u0141KI Ma\u0142e dzieci nie musz\u0105 by\u0107 wybredne. W rzeczywisto\u015bci zach\u0119canie malucha do pr\u00f3bowania r\u00f3\u017cnych potraw pomaga mu sta\u0107 si\u0119 dobrym zjadaczem na ca\u0142e \u017cycie. Podajemy przyjazne dzieciom posi\u0142ki na st\u00f3\u0142 i patrzymy, jak broku\u0142y &#8211; i wszystko inne na ich talerzu &#8211; znikaj\u0105. Kusimy kubki smakowe twojego malucha tymi prostymi, ale po\u017cywnymi posi\u0142kami, kt\u00f3rymi [&hellip;]<\/p>\n","protected":false},"author":2,"featured_media":0,"parent":0,"menu_order":0,"comment_status":"closed","ping_status":"closed","template":"","meta":{"footnotes":""},"class_list":["post-3451","page","type-page","status-publish","hentry"],"yoast_head":"<!-- This site is optimized with the Yoast SEO plugin v27.1.1 - https:\/\/yoast.com\/product\/yoast-seo-wordpress\/ -->\n<title>Menu - MilesOfSmiles.pl<\/title>\n<meta name=\"robots\" content=\"index, follow, max-snippet:-1, max-image-preview:large, max-video-preview:-1\" \/>\n<link rel=\"canonical\" href=\"https:\/\/milesofsmiles.pl\/index.php\/menu\/\" \/>\n<meta property=\"og:locale\" content=\"pl_PL\" \/>\n<meta property=\"og:type\" content=\"article\" \/>\n<meta property=\"og:title\" content=\"Menu - MilesOfSmiles.pl\" \/>\n<meta property=\"og:description\" content=\"[vc_row][vc_column][vc_column_text]SMACZNE POSI\u0141KI Ma\u0142e dzieci nie musz\u0105 by\u0107 wybredne. W rzeczywisto\u015bci zach\u0119canie malucha do pr\u00f3bowania r\u00f3\u017cnych potraw pomaga mu sta\u0107 si\u0119 dobrym zjadaczem na ca\u0142e \u017cycie. Podajemy przyjazne dzieciom posi\u0142ki na st\u00f3\u0142 i patrzymy, jak broku\u0142y &#8211; i wszystko inne na ich talerzu &#8211; znikaj\u0105. Kusimy kubki smakowe twojego malucha tymi prostymi, ale po\u017cywnymi posi\u0142kami, kt\u00f3rymi [&hellip;]\" \/>\n<meta property=\"og:url\" content=\"https:\/\/milesofsmiles.pl\/index.php\/menu\/\" \/>\n<meta property=\"og:site_name\" content=\"MilesOfSmiles.pl\" \/>\n<meta property=\"article:modified_time\" content=\"2021-12-03T12:23:00+00:00\" \/>\n<meta name=\"twitter:card\" content=\"summary_large_image\" \/>\n<meta name=\"twitter:label1\" content=\"Szacowany czas czytania\" \/>\n\t<meta name=\"twitter:data1\" content=\"1 minuta\" \/>\n<script type=\"application\/ld+json\" class=\"yoast-schema-graph\">{\"@context\":\"https:\/\/schema.org\",\"@graph\":[{\"@type\":\"WebPage\",\"@id\":\"https:\/\/milesofsmiles.pl\/index.php\/menu\/\",\"url\":\"https:\/\/milesofsmiles.pl\/index.php\/menu\/\",\"name\":\"Menu - MilesOfSmiles.pl\",\"isPartOf\":{\"@id\":\"https:\/\/milesofsmiles.pl\/#website\"},\"datePublished\":\"2021-06-18T17:11:51+00:00\",\"dateModified\":\"2021-12-03T12:23:00+00:00\",\"breadcrumb\":{\"@id\":\"https:\/\/milesofsmiles.pl\/index.php\/menu\/#breadcrumb\"},\"inLanguage\":\"pl-PL\",\"potentialAction\":[{\"@type\":\"ReadAction\",\"target\":[\"https:\/\/milesofsmiles.pl\/index.php\/menu\/\"]}]},{\"@type\":\"BreadcrumbList\",\"@id\":\"https:\/\/milesofsmiles.pl\/index.php\/menu\/#breadcrumb\",\"itemListElement\":[{\"@type\":\"ListItem\",\"position\":1,\"name\":\"Home\",\"item\":\"https:\/\/milesofsmiles.pl\/\"},{\"@type\":\"ListItem\",\"position\":2,\"name\":\"Menu\"}]},{\"@type\":\"WebSite\",\"@id\":\"https:\/\/milesofsmiles.pl\/#website\",\"url\":\"https:\/\/milesofsmiles.pl\/\",\"name\":\"MilesOfSmiles.pl\",\"description\":\"MilesOfSmiles.pl\",\"potentialAction\":[{\"@type\":\"SearchAction\",\"target\":{\"@type\":\"EntryPoint\",\"urlTemplate\":\"https:\/\/milesofsmiles.pl\/?s={search_term_string}\"},\"query-input\":{\"@type\":\"PropertyValueSpecification\",\"valueRequired\":true,\"valueName\":\"search_term_string\"}}],\"inLanguage\":\"pl-PL\"}]}<\/script>\n<!-- \/ Yoast SEO plugin. -->","yoast_head_json":{"title":"Menu - MilesOfSmiles.pl","robots":{"index":"index","follow":"follow","max-snippet":"max-snippet:-1","max-image-preview":"max-image-preview:large","max-video-preview":"max-video-preview:-1"},"canonical":"https:\/\/milesofsmiles.pl\/index.php\/menu\/","og_locale":"pl_PL","og_type":"article","og_title":"Menu - MilesOfSmiles.pl","og_description":"[vc_row][vc_column][vc_column_text]SMACZNE POSI\u0141KI Ma\u0142e dzieci nie musz\u0105 by\u0107 wybredne. W rzeczywisto\u015bci zach\u0119canie malucha do pr\u00f3bowania r\u00f3\u017cnych potraw pomaga mu sta\u0107 si\u0119 dobrym zjadaczem na ca\u0142e \u017cycie. Podajemy przyjazne dzieciom posi\u0142ki na st\u00f3\u0142 i patrzymy, jak broku\u0142y &#8211; i wszystko inne na ich talerzu &#8211; znikaj\u0105. Kusimy kubki smakowe twojego malucha tymi prostymi, ale po\u017cywnymi posi\u0142kami, kt\u00f3rymi [&hellip;]","og_url":"https:\/\/milesofsmiles.pl\/index.php\/menu\/","og_site_name":"MilesOfSmiles.pl","article_modified_time":"2021-12-03T12:23:00+00:00","twitter_card":"summary_large_image","twitter_misc":{"Szacowany czas czytania":"1 minuta"},"schema":{"@context":"https:\/\/schema.org","@graph":[{"@type":"WebPage","@id":"https:\/\/milesofsmiles.pl\/index.php\/menu\/","url":"https:\/\/milesofsmiles.pl\/index.php\/menu\/","name":"Menu - MilesOfSmiles.pl","isPartOf":{"@id":"https:\/\/milesofsmiles.pl\/#website"},"datePublished":"2021-06-18T17:11:51+00:00","dateModified":"2021-12-03T12:23:00+00:00","breadcrumb":{"@id":"https:\/\/milesofsmiles.pl\/index.php\/menu\/#breadcrumb"},"inLanguage":"pl-PL","potentialAction":[{"@type":"ReadAction","target":["https:\/\/milesofsmiles.pl\/index.php\/menu\/"]}]},{"@type":"BreadcrumbList","@id":"https:\/\/milesofsmiles.pl\/index.php\/menu\/#breadcrumb","itemListElement":[{"@type":"ListItem","position":1,"name":"Home","item":"https:\/\/milesofsmiles.pl\/"},{"@type":"ListItem","position":2,"name":"Menu"}]},{"@type":"WebSite","@id":"https:\/\/milesofsmiles.pl\/#website","url":"https:\/\/milesofsmiles.pl\/","name":"MilesOfSmiles.pl","description":"MilesOfSmiles.pl","potentialAction":[{"@type":"SearchAction","target":{"@type":"EntryPoint","urlTemplate":"https:\/\/milesofsmiles.pl\/?s={search_term_string}"},"query-input":{"@type":"PropertyValueSpecification","valueRequired":true,"valueName":"search_term_string"}}],"inLanguage":"pl-PL"}]}},"_links":{"self":[{"href":"https:\/\/milesofsmiles.pl\/index.php\/wp-json\/wp\/v2\/pages\/3451","targetHints":{"allow":["GET"]}}],"collection":[{"href":"https:\/\/milesofsmiles.pl\/index.php\/wp-json\/wp\/v2\/pages"}],"about":[{"href":"https:\/\/milesofsmiles.pl\/index.php\/wp-json\/wp\/v2\/types\/page"}],"author":[{"embeddable":true,"href":"https:\/\/milesofsmiles.pl\/index.php\/wp-json\/wp\/v2\/users\/2"}],"replies":[{"embeddable":true,"href":"https:\/\/milesofsmiles.pl\/index.php\/wp-json\/wp\/v2\/comments?post=3451"}],"version-history":[{"count":7,"href":"https:\/\/milesofsmiles.pl\/index.php\/wp-json\/wp\/v2\/pages\/3451\/revisions"}],"predecessor-version":[{"id":3521,"href":"https:\/\/milesofsmiles.pl\/index.php\/wp-json\/wp\/v2\/pages\/3451\/revisions\/3521"}],"wp:attachment":[{"href":"https:\/\/milesofsmiles.pl\/index.php\/wp-json\/wp\/v2\/media?parent=3451"}],"curies":[{"name":"wp","href":"https:\/\/api.w.org\/{rel}","templated":true}]}}